+ 23?
-49
Calculate -70 - (-34 + 31 + -9 + 2) - -9.
-51
Calculate -12 - ((-1 + 2 - -24) + (-17 - 60) + 65).
-25
-19 - (72 - 22 - 79)
10
Evaluate 2 + -1 + -13 - (587 + -592).
-7
What is the value of (238 + -144 - 83) + (-10 - 1) + 3 + 3?
6
What is 9 + (13 - (21 - 52))?
53
Evaluate 12 - (27 - 27) - (10 - 38) - (-3 + 3).
40
Calculate (28 + -13 - 72) + (29 - 26).
-54
(127 + -119 - (9 - 1) - (5 + 3)) + 81
73
What is the value of 80 - 279 - -181 - (1 - 58)?
39
What is 19 - 45 - -22 - (1 - ((-11 - 1) + 0))?
-17
What is the value of -1 + -7 - (21 + -4 + -17 - -3)?
-11
Evaluate 37 + -53 - ((6 - 37) + -6).
21
35 - (-14 + 35 + -79)
93
Calculate -40 + 140 - (-22 + 90).
32
What is (-3 - -13) + (44 - (19 - (2 - -9)))?
46
What is the value of 6 - (-1 - -12 - (115 + -107) - -8)?
-5
What is (62 - 44 - (5 - -30 - 6)) + 2 + -106?
-115
88 + (-48 - (27 + -15))
28
(-2 + 2 - ((-51 - -13) + (55 - 23))) + -94
-88
What is -10 - ((59 - 18 - 14) + (4 - -6))?
-47
What is 218 + -242 + (-63 - 16)?
-103
Evaluate -6 + (5 - 15) - (-4 + 12 - -3).
-27
What is 41 - (-34 + 58) - (-20 + -1)?
38
What is -6 + (1 + 7 - (-7 + 15))?
-6
What is 4 - 19 - (-13 + -9 - -23)?
-16
Evaluate 17 - -1 - (-2 - (-13 + 4 - -11)).
22
What is 33 + 43 + -57 - -80?
99
What is -355 - -377 - (9 + 1 + 1)?
11
What is (0 - (-2 - -13)) + -499 + 244 + 309?
43
Calculate (-4 - 35) + 55 + (2 - 14 - 2) + -103.
-101
What is (-34 - (1 - 0)) + (162 + -152 - (4 + 1))?
-30
Evaluate (-27 - (-12 + -1 + 2 - -11)) + 9.
-18
Calculate 10 + 7 - 89 - (0 + (0 - 18)).
-54
Evaluate -19 + (20 - 15) - (5 + -2 - -17).
-34
15 + (-1 - -1) - (297 - (44 + 137))
-101
What is 96 + -112 + -51 + 131?
64
What is the value of 18 + 1 + -13 + -50 + 13 + -64?
-95
(1 - -10) + (267 - 280) + -14 + 5 - 1
-12
Calculate -17 - (-173 - -99) - 144.
-87
What is 0 + -1 + 39 + 5 - (53 + (66 - 119))?
43
Evaluate 0 + (-5 - -16) - (-3367 + 3397).
-19
What is 21 + (10 + -11 - (2 + 5)) - (1 + 0)?
12
What is 0 - (8 + (-13 + 3 - 4)) - (-11 + 0)?
17
What is -11 - (-15 - (-5 + -11))?
-12
Calculate (-5 - (48 + -24)) + 45.
16
What is 60 + (-10 - 35) + -14?
1
Evaluate -9 - (-2 - (47 - (43 - 22))).
19
What is (2 - 21) + -320 + 224 + 37?
-78
-12 + 5 - (94 - -52 - 64)
-89
Evaluate -6 - (2 + -5) - (289 + -289).
-3
Evaluate -17 + 0 + 0 + (152 + -91 - 53) - 77.
-86
What is the value of -13 + (-19 - -6) + 44 + -26 + -65?
-73
What is the value of (-5 + -1 - (-114 - -110)) + 13 - 51?
-40
What is -3858 - -3923 - (1 + 122)?
-58
What is the value of -43 - 0 - (9 + -10 + 1 + 7)?
-50
What is (80 - 62) + -19 - (-1 - 11)?
11
Calculate 102 - (44 - (-12 + -20)).
26
What is the value of (-6 - -31) + 7 + -24 - (3 - 34 - 2)?
41
Evaluate (1 - (15 + 3)) + 4 + (-103 - -109).
-7
Calculate (63 - 33 - 117) + 59.
-28
Calculate 4 + 88 + -213 + 128 + (-2 - (1 - -78)).
-74
What is the value of (13 - (-3 - (-20 + -29))) + 17 - -112?
96
Calculate -1 + (1 - (-18 + 0)) - (-2909 + 2959).
-32
Calculate (49 - (45 - -80)) + 13.
-63
What is the value of -30 + 30 + -17 - -41?
24
Calculate (6 - (-1 - (-1 - 0))) + (-8945 - -8909).
-30
What is 8 + (66 - (5 + (21 + -14 + 2 - 9)))?
69
Calculate 14 - -1 - ((41 - 1) + 14).
-39
What is 61 + 2 + -22 + -9?
32
What is the value of (4 - 2 - 3) + 61 + 34 + 8 + 5?
107
Evaluate 104 - (-133 - -271) - (34 - 0).
-68
What is the value of -43 - -3 - (-4 + 7)?
-43
Evaluate 1 + 50 + -3 + 3 + (-36 - -33).
48
What is -19 + (29 - 14) + 5 - (3 + -7 + -22)?
27
What is the value of -117 - (-14 - -4) - (-24 - (-8 - -5))?
-86
What is 35 - (7 - ((-32 - -2) + 26))?
24
Calculate 32 + 38 + 25 + -169.
-74
Calculate (15 - 4 - (11 + -7)) + (7 - (-7 - -61)).
-40
Calculate 84 + (5 - (10 + (9 - -9))).
61
What is the value of (32 - -8) + 7 + (20 - 5)?
62
Evaluate (-10 - (-9 + (10 - 11) + 2 + 6)) + -1.
-9
What is (105 - 27) + -9 - -13?
82
What is the value of 80 + (-13 - (-10 + -4) - 10)?
71
1 + (0 - 14) + (177 - -292) + -580
-124
Evaluate 104 + -115 + (-3 - (0 + -3)) + 4 - 19.
-26
34 + 0 + -308 + 342
68
What is the value of 17 + (4 + -12 - -13 - -20) + 1 + -4?
39
13 + (0 - -1 - (-108 + 101)) + -2
19
What is 21 + -83 - -49 - (1 + -8)?
-6
What is 83 + -109 - 47 - (-3 - -3 - (4 + -2))?
-71
What is -177 + -20 + 72 - -55?
-70
Calculate (-2 + -5 - 2) + (65 - 150) + 148.
54
What is the value of 1310 - 1448 - (-3 + 14 - ((-10 - -4) + 7))?
-148
Calculate -4 + -3 - (74 + -43).
-38
Evaluate -110 + 11 + 7 + -15 + 31.
-76
What is 195 + -29 + -154 + 104?
116
What is the value of 10 - (-30 + 1) - (-2 + 14)?
27
What is the value of 3 + -18 + (-60 - (11 + (21 - 43) - 7))?
-57
What is the value of 498 + -522 + (4 - (4 + -2 - -10))?
-32
Calculate 149 + -59 + 1 + -57.
34
Calculate (-116 - (59 + -93)) + 71.
-11
39 - (-9 + -8 + (16 - -1) + (7 - 2))
34
Calculate -127 - (-186 - (-25 - 28)).
6
What is (25 - (18 - 11)) + (21 - 10 - 3)?
26
What is -51 - (47 + (-17 + 34 + 7 - 48))?
-74
Evaluate -19 + -38 + (-42 + -29 - -11).
-117
What is the value of 14 - 1 - (-26 - (7 + (37 - (18 + 9))))?
56
-9 + (9 + 18 - (-5 - -16))
7
What is the value of 13 - -16 - (14 - (23 - 14))?
24
What is 6 + 1 + 2 + -3 - (78 + -163 + 108)?
-17
(8 - 1) + 0 - (646 - 636) - (-3 - 52)
52
What is -57 + 11 - (-16 - (12 + -19))?
-37
Evaluate -27 + 23 - (-6 + 0 + 25 + -30 + 30).
-23
What is the value of -110 + 27 + 11 - (-1 - -1)?
-72
Calculate -4148 + 4181 - (-2 + -5 + 0).
40
Evaluate 82 + (6 - 2) + (-59 - -4) + 70.
101
What is 70 - -12 - 14 - 18?
50
What is the value of (-228 - (-250 + 162)) + 150?
10
Evaluate -5 + 37 - (20 + -46 + 42).
16
What is -18 - (3 + 0) - -1 - (4148 - 4153)?
-15
What is the value of 10 - (((-32 - -12) + 13 - -3) + -48)?
62
(37 + (28 - 47) - 34) + 72
56
What is the value of 151 - 316 - -158 - 45?
-52
What is the value of 77 + -162 + -122 + 149?
-58
Evaluate 67 + 2 - (-595 - -653).
11
What is -13 + (-46 - -15) + 29 + -8?
-23
What is the value of 0 - -50 - (-24 - -20 - (1 + -2 + -2))?
51
Calculate (-10 + -5 + -11 + 4 - (-7 - 2)) + -74.
-87
What is (-27 - -89) + -52 - -37?
47
What is the value of 266 - 300 - (36 + (-3 - -2))?
-69
-69 + (-2 + 50 - (65 - 38))
-48
Calculate 290 - 341 - (-35 - 3).
-13
Evaluate (-125 - ((-14 - 9) + 5)) + 1 + 7.
-99
Calculate 12 + -70 + 29 + 46 - -46.
63
Calculate -23 - ((37 - 18) + (-1 - (32 - -9))).
0
32 + -20 - (-5 - -1)
16
What is the value of 0 - (-5 - (-4 + (-7 - -12 - 13)))?
-7
Evaluate 4 + -11 - (-4 - (8 + 20) - 4).
29
Evaluate -26 - -51 - (2 - (-12 - -14) - 4).
29
-17 - ((17 + -17 - -28) + (-21 - 0))
-24
What is the value of (3 + -23 - -68) + -18?
30
What is the value of (-1 - 11 - 2) + -38 + -5 + 15 + 53?
11
What is -4 + 2 - ((-17 + -1 - 1) + -36)?
53
What is the value of -84 - ((-44 - -19) + 2 + 1)?
-62
(122 - (-14 - -77)) + (-24 - 0)
35
26 + 13 + -29 + 1 + 19
30
Calculate (-8 - 20 - -10) + (30 - (-23 + 1)).
34
Evaluate 29 + 1 - (233 + -232) - (-6 - -11).
24
What is (-10 - (29 + -101)) + -57?
5
What is -16 - (4 + -59 - (0 - 11) - -16)?
12
Evaluate (19 - (4 + -3)) + 1250 + -1241.
27
Evaluate 132 + (-18 - -44) + -120.
38
Calculate (2 + -14 - -2) + (13 - (4 - 2)).
1
What is the value of -47 - (-2 + (-11 + -1 - (76 + -96)) - 4)?
-49
What is 31 + (-46 - (-17 + -31))?
33
2 + (58 - (24 + -13) - -4)
53
Evaluate -41 + -1 + 0 + 4097 + -4072.
-17
Calculate 104 - -3 - (-916 + 1007).
16
What is (168 - 28) + -126 + -118?
-104
What is the value of -33 + 0 + 24 - 30 - (-8 + 1 - 0)?
-32
Evaluate -25 - ((-640 - -659) + (10 - 0)).
-54
What is (247 - 256) + (4 + -10 + 3 - (-92 - 2))?
82
Evaluate 1 - (10 - 1) - (-22 + 5 + -69 - -174).
-96
What is the value of 91 - (-44 - (-58 + -13))?
64
What is -7 - -16 - 8 - (-61 + (0 - -6)) - 16?
40
Evaluate (-6 - 1) + -22 + 20 + (-63 - 0) - -7.
-65
(-26 - -28 - (-23 - -38)) + -106 + 2
-117
Calculate (0 - 1) + (-4 - -14) + -134 + 84 + -7.
-48
What is -24 + 1 + 18 + (20 - 67) + 23?
-29
What is -352 + 405 - ((-2 - (5 - 8)) + -2)?
54
What is the value of (-3 - -15 - 16) + 6 + -20?
-18
What is -17 - -90 - (-259 - -285)?
47
What is the value of 39 + (-73 - -91) + -2 + 12?
67
Evaluate (23 - (-21 - 24)) + -12 + 1 + 3 - -9.
69
-1 + -28 + -292 + (13 - -222)
-86
-60 + (16 + (48 - 69) - (-22 - 0))
-43
What is 42 + 31 + (0 - -23 - (-1 - -1))?
96
-31 + -1 + 32 + (-1 - 13) + 2
-12
12 + 9 + -27 + -7
-13
What is the value of 52 - (12 + -17 - (0 + -14)) - -10?
53
What is the value of 1 - (2 + 9